{"version":"1.0","provider_name":"PasqualArnella","provider_url":"https:\/\/pasqualarnella.com\/es\/","author_name":"marketing@limbic.cat","author_url":"https:\/\/pasqualarnella.com\/es\/author\/marketinglimbic-cat\/","title":"Tendencias en color 2025: Suaves tonos naturales","type":"rich","width":600,"height":338,"html":"<blockquote class=\"wp-embedded-content\" data-secret=\"RFlYktPC1Z\"><a href=\"https:\/\/pasqualarnella.com\/es\/tendencias-de-color-2025\/\">Tendencias en color 2025: Suaves tonos naturales invaden la moda y los espacios comerciales<\/a><\/blockquote><iframe sandbox=\"allow-scripts\" security=\"restricted\" src=\"https:\/\/pasqualarnella.com\/es\/tendencias-de-color-2025\/embed\/#?secret=RFlYktPC1Z\" width=\"600\" height=\"338\" title=\"\u00abTendencias en color 2025: Suaves tonos naturales invaden la moda y los espacios comerciales\u00bb \u2014 PasqualArnella\" data-secret=\"RFlYktPC1Z\" frameborder=\"0\" marginwidth=\"0\" marginheight=\"0\" scrolling=\"no\" class=\"wp-embedded-content\"><\/iframe><script>\n\/*! This file is auto-generated *\/\n!function(d,l){\"use strict\";l.querySelector&&d.addEventListener&&\"undefined\"!=typeof URL&&(d.wp=d.wp||{},d.wp.receiveEmbedMessage||(d.wp.receiveEmbedMessage=function(e){var t=e.data;if((t||t.secret||t.message||t.value)&&!\/[^a-zA-Z0-9]\/.test(t.secret)){for(var s,r,n,a=l.querySelectorAll('iframe[data-secret=\"'+t.secret+'\"]'),o=l.querySelectorAll('blockquote[data-secret=\"'+t.secret+'\"]'),c=new RegExp(\"^https?:$\",\"i\"),i=0;i<o.length;i++)o[i].style.display=\"none\";for(i=0;i<a.length;i++)s=a[i],e.source===s.contentWindow&&(s.removeAttribute(\"style\"),\"height\"===t.message?(1e3<(r=parseInt(t.value,10))?r=1e3:~~r<200&&(r=200),s.height=r):\"link\"===t.message&&(r=new URL(s.getAttribute(\"src\")),n=new URL(t.value),c.test(n.protocol))&&n.host===r.host&&l.activeElement===s&&(d.top.location.href=t.value))}},d.addEventListener(\"message\",d.wp.receiveEmbedMessage,!1),l.addEventListener(\"DOMContentLoaded\",function(){for(var e,t,s=l.querySelectorAll(\"iframe.wp-embedded-content\"),r=0;r<s.length;r++)(t=(e=s[r]).getAttribute(\"data-secret\"))||(t=Math.random().toString(36).substring(2,12),e.src+=\"#?secret=\"+t,e.setAttribute(\"data-secret\",t)),e.contentWindow.postMessage({message:\"ready\",secret:t},\"*\")},!1)))}(window,document);\n\/\/# sourceURL=https:\/\/pasqualarnella.com\/wp-includes\/js\/wp-embed.min.js\n<\/script>\n","thumbnail_url":"https:\/\/pasqualarnella.com\/wp-content\/uploads\/2025\/02\/Colour_trends.jpg","thumbnail_width":768,"thumbnail_height":650,"description":"\u00bfTe has fijado en c\u00f3mo ciertos colores nos hacen sentir m\u00e1s relajados o, por el contrario, llenos de energ\u00eda? Los colores que nos rodean tienen un impacto mucho mayor de lo que creemos: no solo nos afectan emocionalmente, sino que tambi\u00e9n influyen en c\u00f3mo percibimos los espacios, las prendas y hasta las marcas. Por ello, [&hellip;]"}

¿Te has fijado en cómo ciertos colores nos hacen sentir más relajados o, por el contrario, llenos de energía? Los colores que nos rodean tienen un impacto mucho mayor de lo que creemos: no solo nos afectan emocionalmente, sino que también influyen en cómo percibimos los espacios, las prendas y hasta las marcas. Por ello, [&hellip;]
